hat is the highest common factor of 3411395 and 65?
65
What is the greatest common divisor of 2322 and 99?
9
What is the highest common divisor of 32 and 2545184?
32
Calculate the highest common factor of 20106 and 18.
18
Calculate the highest common factor of 21 and 29981.
7
Calculate the highest common divisor of 1225455 and 21.
21
Calculate the highest common divisor of 728345 and 889.
127
Calculate the highest common divisor of 7293 and 391.
17
What is the highest common factor of 272 and 497488?
272
What is the greatest common divisor of 806 and 11253?
31
Calculate the greatest common divisor of 1292 and 618868.
1292
Calculate the greatest common divisor of 1212 and 181497.
303
Calculate the highest common factor of 1012 and 6900.
92
What is the greatest common divisor of 13 and 151099?
13
What is the highest common divisor of 930 and 8790?
30
Calculate the highest common factor of 103940 and 56.
4
What is the greatest common factor of 27 and 1328373?
27
What is the highest common divisor of 1105383 and 6183?
687
Calculate the highest common factor of 958482 and 252.
126
Calculate the highest common factor of 59904 and 480.
96
What is the highest common factor of 24695 and 55?
55
What is the greatest common factor of 268 and 59852?
4
What is the highest common factor of 438 and 3394?
2
What is the highest common divisor of 897 and 38249?
23
What is the highest common factor of 5717992 and 56?
56
What is the highest common factor of 2640 and 10626?
66
What is the greatest common factor of 223416 and 2552?
232
What is the greatest common factor of 48 and 539824?
16
What is the greatest common divisor of 47823 and 152?
19
What is the greatest common factor of 58563 and 54?
27
Calculate the greatest common factor of 23783 and 17.
17
What is the highest common factor of 5251 and 2759?
89
Calculate the highest common factor of 4122 and 27.
9
Calculate the highest common divisor of 732 and 84668.
244
What is the greatest common factor of 847 and 1903?
11
What is the highest common factor of 38 and 852986?
38
Calculate the greatest common factor of 1411130 and 105.
35
What is the greatest common factor of 352 and 969232?
176
What is the highest common divisor of 20 and 1667780?
20
Calculate the highest common divisor of 870 and 49880.
290
What is the greatest common factor of 310 and 97402?
62
Calculate the greatest common divisor of 5 and 7699.
1
What is the highest common divisor of 4 and 2876788?
4
Calculate the greatest common factor of 8090 and 120.
10
Calculate the greatest common divisor of 144441 and 99.
99
Calculate the greatest common divisor of 1210053 and 57.
57
Calculate the highest common factor of 1843 and 1387.
19
Calculate the greatest common factor of 689 and 44486.
13
What is the highest common divisor of 127554 and 168?
42
Calculate the greatest common divisor of 2327 and 14499.
179
Calculate the greatest common factor of 10 and 92095.
5
What is the highest common divisor of 435239 and 1923?
641
Calculate the greatest common factor of 38055 and 1032.
129
What is the greatest common divisor of 15271304 and 136?
136
What is the highest common factor of 3110 and 26?
2
Calculate the highest common factor of 16320 and 143310.
510
Calculate the highest common divisor of 124146 and 836.
418
Calculate the greatest common divisor of 1047560 and 40.
40
What is the highest common factor of 16121 and 4116?
343
Calculate the greatest common divisor of 13581 and 783.
27
What is the highest common factor of 88798 and 8?
2
Calculate the highest common factor of 43834 and 54684.
434
Calculate the highest common divisor of 5 and 48485.
5
What is the greatest common factor of 340 and 2712690?
170
Calculate the highest common factor of 8 and 222316.
4
Calculate the highest common factor of 7055 and 2490.
415
Calculate the greatest common divisor of 34 and 220082.
34
What is the greatest common factor of 935 and 7854?
187
What is the greatest common divisor of 1152 and 3438?
18
What is the greatest common factor of 225 and 71325?
225
Calculate the highest common divisor of 214425 and 45.
45
Calculate the greatest common divisor of 4 and 3529.
1
Calculate the highest common divisor of 132 and 22836.
132
What is the highest common factor of 412125 and 25277?
1099
Calculate the greatest common divisor of 20 and 1866080.
20
Calculate the highest common divisor of 65 and 7558577.
13
Calculate the highest common factor of 4915 and 360.
5
What is the highest common factor of 44912 and 448?
112
Calculate the greatest common factor of 72 and 9936972.
36
Calculate the greatest common factor of 55 and 121671.
11
Calculate the highest common divisor of 242 and 2.
2
What is the highest common divisor of 357665 and 3716?
929
Calculate the greatest common factor of 94524 and 24.
12
Calculate the greatest common divisor of 50 and 40920.
10
Calculate the highest common factor of 84 and 2140782.
42
What is the greatest common factor of 11078 and 58?
58
What is the greatest common divisor of 48307 and 134?
67
What is the greatest common factor of 285844 and 460?
92
What is the highest common factor of 1292 and 2983?
19
What is the greatest common divisor of 43131 and 110?
11
Calculate the greatest common divisor of 18 and 754398.
18
Calculate the highest common divisor of 676 and 1106092.
52
What is the highest common divisor of 120663 and 1476?
369
Calculate the greatest common factor of 2739 and 5561.
83
What is the greatest common factor of 46768 and 1813?
37
Calculate the greatest common divisor of 156135 and 210.
105
What is the highest common divisor of 130 and 1712451?
13
What is the greatest common divisor of 468732 and 6413?
583
What is the highest common factor of 5922 and 296382?
282
What is the greatest common factor of 51 and 104822?
17
What is the greatest common divisor of 2194 and 2750?
2
What is the highest common divisor of 21530 and 1031287?
2153
What is the greatest common factor of 269568 and 432?
432
Calculate the greatest common factor of 836 and 5700.
76
What is the greatest common factor of 3766518 and 1253?
1253
Calculate the highest common divisor of 294 and 5061.
21
What is the greatest common factor of 663 and 1884?
3
What is the greatest common divisor of 5643 and 990?
99
Calculate the greatest common factor of 74 and 276.
2
What is the highest common divisor of 24486 and 26076?
318
What is the greatest common factor of 69234 and 15?
3
What is the greatest common divisor of 1635 and 177?
3
Calculate the greatest common divisor of 121 and 11283613.
121
What is the greatest common divisor of 1102 and 62147?
29
What is the greatest common divisor of 225 and 603630?
45
What is the highest common factor of 925 and 735671?
37
Calculate the greatest common factor of 308 and 201850.
22
What is the greatest common divisor of 134694 and 588?
42
Calculate the highest common factor of 704 and 5698.
22
What is the greatest common divisor of 16 and 5237?
1
Calculate the greatest common factor of 376255 and 275.
55
What is the greatest common divisor of 226 and 518896?
226
Calculate the greatest common divisor of 1856 and 324017.
29
What is the greatest common divisor of 26348 and 60?
4
Calculate the highest common factor of 1050 and 725025.
525
What is the greatest common factor of 412 and 44?
4
Calculate the greatest common divisor of 55320 and 51720.
120
What is the highest common divisor of 146 and 1319475?
73
Calculate the greatest common factor of 323 and 119054.
19
Calculate the greatest common factor of 30 and 2778.
6
What is the highest common divisor of 2132 and 33620?
164
Calculate the greatest common factor of 18 and 70713.
9
Calculate the greatest common factor of 240 and 99780.
60
Calculate the highest common factor of 909 and 189.
9
Calculate the highest common factor of 1519488 and 16.
16
What is the highest common divisor of 29 and 291073?
29
Calculate the highest common divisor of 94675 and 7.
7
What is the greatest common divisor of 570 and 41705?
95
What is the greatest common factor of 18444 and 60?
12
Calculate the highest common divisor of 74 and 925.
37
What is the highest common divisor of 975727 and 37?
37
What is the highest common factor of 19 and 209?
19
Calculate the greatest common divisor of 9488 and 320.
16
What i